number?
True
Is 69876383 a composite number?
True
Is 1836827 prime?
True
Is 115460101 composite?
False
Is 896737 prime?
False
Is 15839113 a prime number?
True
Is 9732119 prime?
True
Is 2297837 composite?
True
Is 50414939 prime?
True
Is 4449395 a prime number?
False
Is 13912627 a prime number?
True
Is 4649779 composite?
False
Is 92065 composite?
True
Is 8254543 a composite number?
True
Is 56408773 a prime number?
True
Is 10292195 a composite number?
True
Is 4219001 composite?
False
Is 42668189 composite?
False
Is 684659 composite?
True
Is 8488783 a composite number?
False
Is 54542699 composite?
True
Is 1282717 prime?
True
Is 137795561 a prime number?
True
Is 714686899 a prime number?
False
Is 203947603 composite?
False
Is 498569 composite?
True
Is 1582247 a prime number?
True
Is 14475457 prime?
True
Is 24443987 a prime number?
True
Is 5350607 a prime number?
False
Is 2570311 prime?
True
Is 628934 a prime number?
False
Is 13796467 prime?
True
Is 14890277 a composite number?
False
Is 4234651 a prime number?
True
Is 2104591 a prime number?
True
Is 34660893 a composite number?
True
Is 97585417 prime?
True
Is 3873629 prime?
True
Is 4959505 composite?
True
Is 1018739 a composite number?
True
Is 653319373 a prime number?
False
Is 148247357 composite?
True
Is 13950419 prime?
False
Is 86176763 a prime number?
True
Is 8832009 a composite number?
True
Is 398249 composite?
False
Is 126382903 a prime number?
True
Is 12176933 composite?
False
Is 170217953 composite?
False
Is 379846513 a composite number?
False
Is 6649197 a composite number?
True
Is 232263667 a composite number?
False
Is 20873 composite?
False
Is 139577 a prime number?
False
Is 34763893 a prime number?
False
Is 678715 a prime number?
False
Is 700021 a prime number?
False
Is 14639279 composite?
False
Is 489662131 a composite number?
True
Is 71365573 a composite number?
True
Is 417083629 a prime number?
True
Is 221251 a composite number?
False
Is 2237545 a composite number?
True
Is 1212073 composite?
True
Is 3032051 a prime number?
False
Is 4254859 prime?
False
Is 14231498 prime?
False
Is 1603577 composite?
True
Is 46741909 composite?
False
Is 64235731 a prime number?
False
Is 2142321 a composite number?
True
Is 5229011 a composite number?
False
Is 1542035767 a composite number?
False
Is 25839959 a composite number?
False
Is 1037741 composite?
False
Is 159693 a composite number?
True
Is 32042077 a prime number?
True
Is 18067103 prime?
False
Is 99978469 a composite number?
False
Is 7786949 a composite number?
True
Is 4260623 prime?
True
Is 43817149 a composite number?
False
Is 208626149 a prime number?
False
Is 21417611 a composite number?
True
Is 111153049 a composite number?
True
Is 1694551 a composite number?
False
Is 1399991 a prime number?
False
Is 2037859 a composite number?
True
Is 204641 prime?
True
Is 121938463 composite?
False
Is 238150141 prime?
True
Is 166280194 prime?
False
Is 2309861 composite?
True
Is 55855895 prime?
False
Is 396303833 a composite number?
False
Is 28402567 a composite number?
False
Is 68329 a prime number?
True
Is 307950581 composite?
False
Is 802934971 a composite number?
False
Is 17079859 prime?
False
Is 2025743 composite?
True
Is 197957857 a prime number?
False
Is 78734861 composite?
True
Is 2525507 a prime number?
True
Is 387607057 composite?
True
Is 9224413 composite?
True
Is 11732933 prime?
True
Is 90469037 composite?
False
Is 4091993 a prime number?
True
Is 15296143 prime?
True
Is 150193 prime?
True
Is 1653259 a composite number?
False
Is 2406343 a prime number?
True
Is 1282711 prime?
False
Is 8040761 prime?
False
Is 5820439 a composite number?
True
Is 2434559 a prime number?
True
Is 45051373 composite?
True
Is 60506377 a prime number?
True
Is 4309593 prime?
False
Is 1238597 prime?
True
Is 268212367 prime?
False
Is 254279 composite?
False
Is 523631 prime?
True
Is 2060496343 a prime number?
True
Is 1064507 a composite number?
False
Is 7611713 a prime number?
True
Is 81726179 a prime number?
True
Is 241526323 prime?
False
Is 59110199 a composite number?
False
Is 136928449 a composite number?
True
Is 21563821 a prime number?
True
Is 21548183 composite?
True
Is 119174057 a composite number?
False
Is 231280355 composite?
True
Is 117205241 a prime number?
True
Is 17820139 composite?
True
Is 69869263 a prime number?
True
Is 418259 a composite number?
False
Is 26387947 composite?
False
Is 10544719 a composite number?
True
Is 367196827 a composite number?
True
Is 97621306 prime?
False
Is 14238443 a composite number?
False
Is 1490267 composite?
False
Is 67439461 composite?
False
Is 5121049 a prime number?
False
Is 8576623 a composite number?
True
Is 5983937 a prime number?
False
Is 11735959 composite?
False
Is 202421 prime?
False
Is 300733 a composite number?
False
Is 5462111 prime?
True
Is 12450787 a prime number?
True
Is 19572279 composite?
True
Is 58454323 composite?
True
Is 3231901 a composite number?
True
Is 2542065833 composite?
False
Is 17049961 a composite number?
False
Is 2551949 prime?
False
Is 13503437 a composite number?
False
Is 16709729 prime?
True
Is 6185759 a prime number?
True
Is 61987799 prime?
False
Is 208099 a composite number?
False
Is 8437507 composite?
True
Is 6489551 composite?
False
Is 11852569 a prime number?
False
Is 170483503 composite?
False
Is 22311917 prime?
True
Is 2342771 a prime number?
True
Is 6156649 composite?
True
Is 52135439 a prime number?
False
Is 17058121 a prime number?
True
Is 91643171 prime?
True
Is 97290959 a composite number?
True
Is 403751 a composite number?
True
Is 40363833 a composite number?
True
Is 41709893 composite?
False
Is 8780315 composite?
True
Is 64812719 a prime number?
True
Is 37412429 prime?
True
Is 69307781 a prime number?
True
Is 41088937 composite?
False
Is 3314951 a composite number?
False
Is 62909159 composite?
False
Is 3390353 composite?
True
Is 2322757 a composite number?
False
Is 916787 a composite number?
False
Is 3739187 prime?
True
Is 218135 composite?
True
Is 43325287 a composite number?
False
Is 3362195 a composite number?
True
Is 2396657 composite?
True
Is 264611 a prime number?
False
Is 3565591 composite?
False
Is 163031749 a composite number?
False
Is 1234099 prime?
True
Is 3146893 composite?
True
Is 41069029 a prime number?
True
Is 19238353 a prime number?
True
Is 263960783 composite?
True
Is 1832237167 composite?
True
Is 2401927 composite?
True
Is 5071541 a composite number?
True
Is 84297701 prime?
True
Is 32246831 a prime number?
True
Is 2360201 composite?
False
Is 541883 composite?
True
Is 12643613 a composite number?
False
Is 23858227 prime?
True
Is 69611 a composite number?
True
Is 1468079 a composite number?
False
Is 66059869 composite?
False
Is 154716491 composite?
True
Is 1423481 composite?
False
Is 1018411 a composite number?
False
Is 7379881 a composite number?
True
Is 252849899 a composite number?
True
Is 7814087 a prime number?
True
Is 8802397 a composite number?
False
Is 2061491 a composite number?
False
Is 1936381 prime?
True
Is 50057801 a composite number?
False
Is 4408363 a composite number?
False
Is 4489937 a prime number?
True
Is 3460241 prime?
False
Is 13785007 prime?
False
Is 164192789 a prime number?
True
Is 27297535 a composite number?
True
Is 325587351 a prime number?
False
Is 2193941 composite?
False
Is 8591623 a composite number?
False
Is 22826057 a prime number?
False
Is 15220229 a prime number?
False
Is 232029461 prime?
True
Is 105271663 prime?
False
Is 116567509 a prime number?
True
Is 40728353 a prime number?
False
Is 937841 prime?
True
Is 511114001 a prime number?
True
Is 3321289 prime?
True
Is 3723179 prime?
False
Is 29816359 a composite number?
True
Is 3234391 a composite number?
True
Is 22055467 composite?
True
Is 287992007 composite?
True
Is 53135345 a composite number?
True
Is 3048959 prime?
False
Is 8319401 a composite number?
False
Is 15094513 composite?
True
Is 5575811 a composite number?
False
Is 50205719 prime?
True
Is 96053 a prime number?
True
Is 30335 composite?
True
Is 72997 composite?
False
Is 380753 composite?
False
Is 3035001 prime?
False
Is 52744673 a composite number?
False
Is 250123 composite?
False
Is 3068539 prime?
True
Is 148184683 composite?
False
Is 2321079 a prime number?
False
Is 6057373 a prime number?
False
Is 17795809 compos